23 + -34. Let o(b) = 2*b + 10. Let a be o(-12). Let v = a - w. Calculate u(v).
0
Let p(d) be the second derivative of d**5/20 - d**4/2 - 7*d**3/6 - 2*d**2 + 167*d. Determine p(7).
-4
Let s(i) = -2*i**2 - 14*i + 1. Let y(j) = -j**2 - 7*j. Let q(b) = -6*s(b) + 11*y(b). What is q(-7)?
-6
Let g(h) = 2*h**2 - 8*h + 12. Let f(l) = -l**2 + 4*l - 6. Suppose -6*r = -r + 30. Let o(q) = r*g(q) - 13*f(q). Give o(4).
6
Let n(i) = -2*i + 1. Let y(s) = -s**2 + 12*s + 5. Let l(r) = 5*n(r) + y(r). Determine l(5).
-5
Let s(u) = 2 + 5*u - 5 + 0 + 6 + 1. Determine s(-3).
-11
Let j(c) be the second derivative of 7*c**3/6 + 820*c. Give j(-4).
-28
Let a(y) be the first derivative of y**7/840 - y**6/120 + y**5/40 + 4*y**3 + 18. Let u(w) be the third derivative of a(w). Calculate u(3).
9
Let j be 1*(-1*1 + -6). Let n(q) = 497*q**3 - 496*q**3 + 5*q**2 + 2*q**2. Calculate n(j).
0
Let j(n) = -n**3 - 12*n**2 + 14*n. Suppose -10*a = 73 + 57. Determine j(a).
-13
Let r(n) = -n**3 - 2 + 0*n**2 + 2*n**2 + n**2. Suppose -j - 5*q = -22, -2*q - 16 = -4*j - 4*q. Determine r(j).
2
Let h(k) = -165 - k**3 + 183 - k**2 + 0*k + k. Let j be 4/(-2) + 4 - 2. Determine h(j).
18
Let c(h) = 2*h - 5. Let m(d) = 4*d - 11. Suppose 10*z - 15 = 7*z. Let j(u) = z*c(u) - 2*m(u). Calculate j(4).
5
Let h be 3/9 + 17/3. Suppose 0 = -5*l + h*l - 3. Let t = l + -8. Let g(m) = -m**2 - 4*m + 4. Give g(t).
-1
Let k = 2 + 1. Let z(n) = -13*n**2 + 3*n. Let s(h) = -3*h**2 + h. Let b(q) = 9*s(q) - 2*z(q). Determine b(k).
0
Let c(v) = 223 - 110 - 104 + v**2. Determine c(0).
9
Let d(f) = -f**2 + 11*f - 2. Suppose 9*l - 4*l - 65 = -3*s, 3*l - 4*s - 10 = 0. Calculate d(l).
8
Let y be 8/20 - (-13)/5. Let i(g) = -g + 1 + y*g - 3*g. Let l be -6 + (-52)/(-20) + (-4)/(-10). Calculate i(l).
4
Let v be (-1 + -1)/((-1)/5). Let z(s) = -1 - 9*s**3 + v*s**3 + 2*s**2 + 3*s**3. What is z(1)?
5
Let y(l) = 0*l**2 + 0*l**2 - 233*l - l**2 - 33 + 218*l + 6. Calculate y(-13).
-1
Let i(n) = -20*n**2 - 8*n + 1. Let c(v) = -11*v**2 - 4*v + 1. Let r(b) = 5*c(b) - 3*i(b). Let u(l) = -l + 1. Let a be u(3). Give r(a).
14
Let z(g) = -2*g**2 + g. Let r be (-225)/(-27) - ((-8)/(-3))/(-4). Suppose -11 = -2*j - r. Determine z(j).
-1
Let l(w) = -3 + 18 - 6 - 7 - 6 + 2*w. Give l(-3).
-10
Let q(l) = l**2 - 7*l + 6. Let b be q(4). Let m(r) = -4 + 2*r - 5*r**2 + 3*r - 30177*r**3 + 30176*r**3 - 2. Determine m(b).
0
Let u(j) be the second derivative of j**4/6 - j**3/6 - j**2/2 - 9*j. Suppose -5 = -3*y - 11. Calculate u(y).
9
Suppose 34*o + 3*p - 36 = 30*o, 3*p = -2*o + 12. Let h(d) = -d + 8. Calculate h(o).
-4
Let h(p) be the second derivative of p**4/12 - 3*p**3/2 + 5*p**2/2 + p. Let v = 175 + -171. Determine h(v).
-15
Let s(c) = 3*c**2 - 7. Suppose -m + 17 = -5*g, -10*m + 14 = -2*g - 6*m. What is s(g)?
20
Let j = 1 + -1. Let q(u) = 3*u**2 + 2*u - 8. Let w(k) = 7*k**2 + 5*k - 16. Let v be -2*(26/12 - 9/(-27)). Let f(b) = v*q(b) + 2*w(b). Determine f(j).
8
Let n be 3 + -4 + (-4 - -1 - -1). Let q be -14*2*n/12. Let u(s) = 4*s - 10. Let v(x) = -11*x + 31. Let o(i) = 8*u(i) + 3*v(i). What is o(q)?
6
Suppose 0*v - 4*v + 8 = 0. Let t = 0 - 0. Suppose -q + t = v. Let l(z) = -z - 2. Give l(q).
0
Let w(i) = 2*i**2 + 29*i - 11. Let d(b) = b**2 + 10*b - 4. Let y(u) = -8*d(u) + 3*w(u). Let h = 878 - 874. Let v be y(h). Let n(o) = 2*o + 6. Give n(v).
-4
Let n(k) = k - 15. Let f be n(11). Let t(x) = -x + 9. Let p(q) = -1. Let o(b) = f*p(b) - t(b). Determine o(7).
2
Let l(o) = o**2 + o**3 - 1 - 2*o**3 - 9. Suppose -2*c = a + 1, -34 + 39 = -5*a. Give l(c).
-10
Let h = -7 - -10. Let i(a) = 88 + a**2 + 13*a**h + a**2 - 89. Determine i(1).
14
Let w = 6 - 18. Let b be 0*(4/(-12) + (-15)/(-18)). Let o be b/(4/w*3). Let z(u) = u**3 - u**2 - u - 9. What is z(o)?
-9
Suppose -134*u + 118*u + 32 = 0. Let d(z) = z**2 + 4*z + 4. Let c(w) = -w**2 - 2*w - 2. Let h(k) = 7*c(k) + 4*d(k). Determine h(u).
-6
Suppose 0 = 3*g - g - 10. Suppose 2 + 2 = g*s - 2*m, 0 = -5*s - 4*m + 22. Let h(k) = k**2 - s*k + 0*k**2 - 3*k - 2 - 2*k**2. Calculate h(-5).
-2
Let d(m) = m + 3. Let z be 44 + (-1 - -3)*-1. Let c = -44 + z. Calculate d(c).
1
Let b be (-20 - 0)*15/(-30). Let m(u) = -4*u + 1. Give m(b).
-39
Suppose 77*y = 74*y. Let j(t) be the second derivative of y + 1/2*t**4 + 0*t**3 + t - 1/2*t**2. Calculate j(-1).
5
Let c(v) = -3*v**3 + 4*v**2 + 2. Let i be 784/(-224)*12/(-14). Give c(i).
-43
Let l(m) = 10*m - 3. Suppose i + 2 = 8. Suppose -2*g - g + i = 0. What is l(g)?
17
Let s(n) be the second derivative of -n**3/3 + 7*n**2/2 - 234*n. What is s(5)?
-3
Let g(j) = j**3 - 4*j**2 + 2*j - 5. Let l = 11 + -11. Suppose -o + 0*o + 2 = l. Let i be (1*(6 - o))/1. Determine g(i).
3
Let b(c) = -2*c + 2. Let f = 38 - 32. Let r be (4 - f)*15/(-6). What is b(r)?
-8
Suppose 4*k - 2*j = 2, 0 = 2*k - 0*k - 4*j + 14. Let n(r) = 1 - 6*r + 4*r + 0*r - 2. What is n(k)?
-7
Let k(v) be the third derivative of v**6/60 + v**5/30 + v**4/12 + 13*v**3/3 + 17*v**2. Let s(a) be the first derivative of k(a). Determine s(-2).
18
Let u(v) = -5*v + 9. Let b(k) = -14*k + 22. Let y(m) = 4*b(m) - 11*u(m). Calculate y(-10).
-1
Let o(q) = -4*q - 10. Suppose 0 = 15*f + 5*f + 60. Calculate o(f).
2
Suppose 16 = -2*l - 3*g, -2*l - g - 4 = -4*g. Let j(n) = -n**2 - 7*n - 7. Let z be j(l). Let k(m) = -m + 2 + z - 4. Calculate k(-4).
5
Let n(p) be the first derivative of -p**5/60 + 5*p**4/24 - p**3 - 6*p**2 + 8. Let a(w) be the second derivative of n(w). Calculate a(5).
-6
Let s(a) = -5*a - 7. Let z(w) = 11*w + 14. Let x(l) = 13*s(l) + 6*z(l). Give x(3).
-4
Suppose n - 5 = 2*f - 3, -4*f - 3*n - 24 = 0. Let w be f + (7 - (4 + -5)). Let p(h) = -4*h + 3. What is p(w)?
-17
Let g(o) = 6 + 2*o - 3*o - 5 + 0*o. Let y be (1/2)/(5/(-80)*-4). Give g(y).
-1
Let k(t) = -t**2 - t + 1. Let g be (3/(-6)*1)/(7/(-70)). Calculate k(g).
-29
Let r(j) = j - 6. Let u be r(8). Let b(h) = h**3 - 2*h + 4 - h**2 - 3*h**u + 0. Determine b(4).
-4
Let f(v) = -v**3 - 44*v**2 - 132*v - 376. Let q be f(-41). Let a(w) = 5*w**2 + 8*w - 2. Let s(y) = 6*y**2 + 8*y - 3. Let k(z) = -5*a(z) + 4*s(z). Give k(q).
5
Let c(b) = b**3 + 2*b**2 - 4*b - 3. Let k be (-1 + 5)*14/8. Let w = k + -10. Calculate c(w).
0
Let z be 34/(-6) - (-1)/(-3). Suppose 11 = 3*t + 11. Let h(r) = t*r**2 + r**3 + 11*r**2 + 7 + 2*r**2 + r - 7*r**2. Give h(z).
1
Let w(t) be the first derivative of t**3/3 - 2*t**2 + 8*t - 287. Suppose -4*i - 16 = -40. Determine w(i).
20
Let p be 54/24 - (-1)/(-4). Let y be (6 - 0)*2/4. Let a(j) = -1 + 4*j**2 - j - 4*j**2 + y*j**2. Give a(p).
9
Let a = 53 - 53. Suppose a = -7*x + 6*x + 5. Let o(j) = j**3 + j**2. Let z(s) = -6*s**2 + 2*s - 4. Let i(l) = -o(l) - z(l). Determine i(x).
-6
Let i(w) = -w - 1. Let y(j) = j**2 + 6*j - 15. Let l be y(-8). Let q(v) = -4*v - 10. Let k(u) = l*q(u) - 5*i(u). Determine k(6).
1
Let y(u) = -2*u - 1. Let x(b) be the second derivative of b**3/6 + 4*b. Let k be x(2). Suppose -2 = p + k. Calculate y(p).
7
Let n(h) be the first derivative of 1 + 1/3*h**3 + h + 2*h**2. Determine n(-3).
-2
Suppose -10 = -2*a + 2. Let v(h) be the first derivative of -h**5/120 + 5*h**4/24 + 22*h**3/3 + 14. Let w(i) be the third derivative of v(i). Determine w(a).
-1
Let l(m) = 4*m**2 - 2*m**3 - 5*m**2 - 3*m**3. Let a be l(-1). Let s(p) = 3 - 3 + 6 + 145*p - 146*p. Give s(a).
2
Let a be -5*(-2)/35 - (-180)/(-140). Let o(c) = -20*c**2 - 2*c - 1. Give o(a).
-19
Let p = -57 - -93. Let b be (0 + (-4)/(-12))*p/2. Let u(r) = r - 8. What is u(b)?
-2
Let s(u) be the second derivative of u**3/3 + 9*u**2/2 + u. Let w be (-6272)/1029 + (-2)/(-21). Determine s(w).
-3
Suppose 3*l = -5*g - 9, -7*l + 3*l = g - 5. Let z(v) = -3*v - 1 + l*v + 0*v + 0. Suppose -2*k + 3*x = 0, 5*x + 14 = -6. Calculate z(k).
5
Let o(a) = -3*a**3 - 20*a**2 - 71*a + 22. Let q(r) = r**3 + 7*r**2 + 25*r - 8. Let z(t) = -6*o(t) - 17*q(t). Let v be (-3 - -1 - -2) + 0. What is z(v)?
4
Let v(m) = m**3 + 2*m**2 + 2*m + 2. Suppose -5*y = 16 - 16. Suppose 3*w = -q - 5, -2*w - 8 = -y*q + 3*q. Determine v(q).
-2
Let y(r) = -r + 8. Let h be y(6). Suppose 3*v + h = 4*d + 28, 6 = -2*d - 2*v. Let k(q) = 2*q**2 + 5*q + 3 - 1 - q**2. Determine k(d).
2
Let p(l) be the first derivative of 1/60*l**5 - 9/2*l**2 - 1/12*l**4 - 11 - 1/6*l**3 + 0*l. Let f(t) be the second derivative of p(t). What is f(-1)?
2
Let s(i) = 3*i**